{"id":5199,"date":"2015-09-30T13:22:29","date_gmt":"2015-09-30T13:22:29","guid":{"rendered":"http:\/\/themes.themegoods.com\/photography\/demo1\/?page_id=5199"},"modified":"2023-12-21T13:17:12","modified_gmt":"2023-12-21T12:17:12","slug":"home-creative-2","status":"publish","type":"page","link":"https:\/\/dzikiekadry.pl\/","title":{"rendered":"Home &#8211; Creative 2"},"content":{"rendered":"<div  class=\"one fullwidth \"><\/div>\n<div  class=\"one\">\n<div id=\"170316103234513718\" data-gallery-id=\"6020\" data-items=\"10\" data-columns=\"5\" data-type=\"grid\" class=\"portfolio_filter_wrapper infinite_grid portfolio-content content gallery five_cols wide\" data-columns=\"5\">\n<div class=\"element grid  classic5_cols kenburns\">\n<div class=\"one_fifth gallery5 static filterable gallery_type animated1\"><a data-rel=\"photography_gallery_6020\" data-title=\"\" data-desc=\"\" data-thumb=\"https:\/\/dzikiekadry.pl\/wp-content\/uploads\/2022\/10\/003-300x300.jpg\" href=\"https:\/\/dzikiekadry.pl\/wp-content\/uploads\/2022\/10\/003-scaled.jpg\"  class=\"fancy-gallery\"><img decoding=\"async\" src=\"https:\/\/dzikiekadry.pl\/wp-content\/uploads\/2022\/10\/003-705x529.jpg\" alt=\"\" class=\"preview\"\/><\/a><\/div>\n<\/div>\n<div class=\"element grid  classic5_cols kenburns\">\n<div class=\"one_fifth gallery5 static filterable gallery_type animated2\"><a data-rel=\"photography_gallery_6020\" data-title=\"\" data-desc=\"\" data-thumb=\"https:\/\/dzikiekadry.pl\/wp-content\/uploads\/2022\/10\/011-300x300.jpg\" href=\"https:\/\/dzikiekadry.pl\/wp-content\/uploads\/2022\/10\/011-scaled.jpg\"  class=\"fancy-gallery\"><img decoding=\"async\" src=\"https:\/\/dzikiekadry.pl\/wp-content\/uploads\/2022\/10\/011-705x529.jpg\" alt=\"\" class=\"preview\"\/><\/a><\/div>\n<\/div>\n<div class=\"element grid  classic5_cols kenburns\">\n<div class=\"one_fifth gallery5 static filterable gallery_type animated3\"><a data-rel=\"photography_gallery_6020\" data-title=\"\" data-desc=\"\" data-thumb=\"https:\/\/dzikiekadry.pl\/wp-content\/uploads\/2022\/10\/014-300x300.jpg\" href=\"https:\/\/dzikiekadry.pl\/wp-content\/uploads\/2022\/10\/014.jpg\"  class=\"fancy-gallery\"><img decoding=\"async\" src=\"https:\/\/dzikiekadry.pl\/wp-content\/uploads\/2022\/10\/014-705x529.jpg\" alt=\"\" class=\"preview\"\/><\/a><\/div>\n<\/div>\n<div class=\"element grid  classic5_cols kenburns\">\n<div class=\"one_fifth gallery5 static filterable gallery_type animated4\"><a data-rel=\"photography_gallery_6020\" data-title=\"\" data-desc=\"\" data-thumb=\"https:\/\/dzikiekadry.pl\/wp-content\/uploads\/2022\/10\/027-300x300.jpg\" href=\"https:\/\/dzikiekadry.pl\/wp-content\/uploads\/2022\/10\/027.jpg\"  class=\"fancy-gallery\"><img decoding=\"async\" src=\"https:\/\/dzikiekadry.pl\/wp-content\/uploads\/2022\/10\/027-705x529.jpg\" alt=\"\" class=\"preview\"\/><\/a><\/div>\n<\/div>\n<div class=\"element grid  classic5_cols kenburns\">\n<div class=\"one_fifth gallery5 static filterable gallery_type animated5\"><a data-rel=\"photography_gallery_6020\" data-title=\"\" data-desc=\"\" data-thumb=\"https:\/\/dzikiekadry.pl\/wp-content\/uploads\/2022\/10\/022-300x300.jpg\" href=\"https:\/\/dzikiekadry.pl\/wp-content\/uploads\/2022\/10\/022.jpg\"  class=\"fancy-gallery\"><img decoding=\"async\" src=\"https:\/\/dzikiekadry.pl\/wp-content\/uploads\/2022\/10\/022-705x529.jpg\" alt=\"\" class=\"preview\"\/><\/a><\/div>\n<\/div>\n<div class=\"element grid  classic5_cols kenburns\">\n<div class=\"one_fifth gallery5 static filterable gallery_type animated6\"><a data-rel=\"photography_gallery_6020\" data-title=\"\" data-desc=\"\" data-thumb=\"https:\/\/dzikiekadry.pl\/wp-content\/uploads\/2022\/10\/047-300x300.jpg\" href=\"https:\/\/dzikiekadry.pl\/wp-content\/uploads\/2022\/10\/047-scaled.jpg\"  class=\"fancy-gallery\"><img decoding=\"async\" src=\"https:\/\/dzikiekadry.pl\/wp-content\/uploads\/2022\/10\/047-705x529.jpg\" alt=\"\" class=\"preview\"\/><\/a><\/div>\n<\/div>\n<div class=\"element grid  classic5_cols kenburns\">\n<div class=\"one_fifth gallery5 static filterable gallery_type animated7\"><a data-rel=\"photography_gallery_6020\" data-title=\"\" data-desc=\"\" data-thumb=\"https:\/\/dzikiekadry.pl\/wp-content\/uploads\/2022\/10\/058-300x300.jpg\" href=\"https:\/\/dzikiekadry.pl\/wp-content\/uploads\/2022\/10\/058-scaled.jpg\"  class=\"fancy-gallery\"><img decoding=\"async\" src=\"https:\/\/dzikiekadry.pl\/wp-content\/uploads\/2022\/10\/058-705x529.jpg\" alt=\"\" class=\"preview\"\/><\/a><\/div>\n<\/div>\n<div class=\"element grid  classic5_cols kenburns\">\n<div class=\"one_fifth gallery5 static filterable gallery_type animated8\"><a data-rel=\"photography_gallery_6020\" data-title=\"\" data-desc=\"\" data-thumb=\"https:\/\/dzikiekadry.pl\/wp-content\/uploads\/2022\/10\/083-300x300.jpg\" href=\"https:\/\/dzikiekadry.pl\/wp-content\/uploads\/2022\/10\/083-scaled.jpg\"  class=\"fancy-gallery\"><img decoding=\"async\" src=\"https:\/\/dzikiekadry.pl\/wp-content\/uploads\/2022\/10\/083-705x529.jpg\" alt=\"\" class=\"preview\"\/><\/a><\/div>\n<\/div>\n<div class=\"element grid  classic5_cols kenburns\">\n<div class=\"one_fifth gallery5 static filterable gallery_type animated9\"><a data-rel=\"photography_gallery_6020\" data-title=\"\" data-desc=\"\" data-thumb=\"https:\/\/dzikiekadry.pl\/wp-content\/uploads\/2022\/10\/063-300x300.jpg\" href=\"https:\/\/dzikiekadry.pl\/wp-content\/uploads\/2022\/10\/063-scaled.jpg\"  class=\"fancy-gallery\"><img decoding=\"async\" src=\"https:\/\/dzikiekadry.pl\/wp-content\/uploads\/2022\/10\/063-705x529.jpg\" alt=\"\" class=\"preview\"\/><\/a><\/div>\n<\/div>\n<div class=\"element grid  classic5_cols kenburns\">\n<div class=\"one_fifth gallery5 static filterable gallery_type animated10\"><a data-rel=\"photography_gallery_6020\" data-title=\"\" data-desc=\"\" data-thumb=\"https:\/\/dzikiekadry.pl\/wp-content\/uploads\/2022\/10\/118-300x300.jpg\" href=\"https:\/\/dzikiekadry.pl\/wp-content\/uploads\/2022\/10\/118.jpg\"  class=\"fancy-gallery\"><img decoding=\"async\" src=\"https:\/\/dzikiekadry.pl\/wp-content\/uploads\/2022\/10\/118-705x529.jpg\" alt=\"\" class=\"preview\"\/><\/a><\/div>\n<\/div>\n<\/div>\n<div class=\"infinite_loading\" id=\"170316103234513718_loading\"><i class=\"fa fa-circle-o-notch fa-spin\"><\/i><\/div>\n<p><input type=\"hidden\" id=\"170316103234513718_offset\" name=\"170316103234513718_offset\" value=\"10\" \/><input type=\"hidden\" id=\"170316103234513718_total\" name=\"170316103234513718_total\" value=\"19\" \/><input type=\"hidden\" id=\"170316103234513718_status\" name=\"170316103234513718_status\" value=\"0\" \/><\/div>\n<div  class=\"one withsmallpadding ppb_header \" style=\"padding-bottom:0 !important;text-align:center;padding:50px 0 50px 0;\" >\n<div class=\"standard_wrapper\">\n<div class=\"page_content_wrapper\">\n<div class=\"inner\">\n<div style=\"margin:auto;width:50%\">\n<hr class=\"title_break center\" style=\"\"\/>\n<div class=\"ppb_header_content\">\n<\/div>\n<\/div>\n<\/div>\n<\/div>\n<\/div>\n<\/div>\n<div  class=\"one\" >\n<div class=\"page_content_wrapper nopadding\">\n<div class=\"one_half_bg\" style=\"background-image:url(https:\/\/dzikiekadry.pl\/wp-content\/uploads\/2023\/12\/my.gif);height:425px;\"><\/div>\n<div class=\"one_half_bg\" style=\"padding:30px;\">\n<h2 class=\"ppb_title\" style=\"\">M\u00f3wimy prawd\u0119 zdj\u0119ciami<\/h2>\n<hr class=\"title_break left\" style=\"\"\/>\n<p><strong><em>Marysia i Sebastian Paszkiewicz<\/em><\/strong><br \/>\nPara analogowc\u00f3w z cyfrowym zaci\u0119ciem, od 22 lat celebruj\u0105ca naturaln\u0105 dziko\u015b\u0107 bytu. Nasze znaki rozpoznawcze to ziarno, niedo\u015bwietlone klatki, poruszone uj\u0119cia, nitkowa g\u0142\u0119bia i niestandardowe kadry.<br \/>\nZaczynali\u015bmy analogowo, przewijaj\u0105c rolki w du\u017cych ilo\u015bciach i zarywaj\u0105c noce w ciemni. Teraz pracujemy na cyfrowych Canonach, wydobywaj\u0105c z nich to, co w fotografii najlepsze \u2013 naturalno\u015b\u0107.<\/p>\n<\/div>\n<p><br class=\"clear\"\/><\/div>\n<\/div>\n<div  class=\"one withsmallpadding ppb_header \" style=\"text-align:center;padding:50px 0 50px 0;\" >\n<div class=\"standard_wrapper\">\n<div class=\"page_content_wrapper\">\n<div class=\"inner\">\n<div style=\"margin:auto;width:50%\">\n<h2 class=\"ppb_title\" style=\"\">Poczytaj na ZIN dobry<\/h2>\n<\/div>\n<\/div>\n<\/div>\n<\/div>\n<\/div>\n<div class=\"standard_wrapper\">\n<div  class=\"one withsmallpadding\"style=\"padding:30px 0 30px 0;\" >\n<div class=\"page_content_wrapper\">\n<div class=\"inner\">\n<div class=\"inner_wrapper\">\n<div class=\"blog_grid_wrapper sidebar_content full_width ppb_blog_posts\">\n<div id=\"post-4423\" class=\"post type-post hentry status-publish\">\n<div class=\"post_wrapper grid_layout\">\n<div class=\"post_img small\">\n\t\t    \t    \t<a href=\"https:\/\/dzikiekadry.pl\/?p=4423\"  class=\"\"><br \/>\n\t\t    \t    \t\t<img decoding=\"async\" src=\"https:\/\/dzikiekadry.pl\/wp-content\/uploads\/2015\/09\/ZIN1-960x636.jpg\" alt=\"Marta tapla si\u0119 w b\u0142ocie\" class=\"preview\"\/><br \/>\n\t\t                <\/a>\n\t\t    \t    <\/div>\n<div class=\"blog_grid_content\">\n<div class=\"post_header grid\">\n<div class=\"post_info_cat\"><a href=\"https:\/\/dzikiekadry.pl\/?cat=19\">Photography<\/a>&nbsp;\/&nbsp;<a href=\"https:\/\/dzikiekadry.pl\/?cat=20\">Travel<\/a><\/div>\n<h6><a href=\"https:\/\/dzikiekadry.pl\/?p=4423\" title=\"Marta tapla si\u0119 w b\u0142ocie\">Marta tapla si\u0119 w b\u0142ocie<\/a><\/h6>\n<hr class=\"title_break\"\/>\n<div class=\"post_detail\">2015-09-01<\/div>\n<\/p><\/div>\n<p>Lorem ipsum dosectetur adipisicing elit, sed do. Lorem ipsum dolor sit amet, consectetur Nulla fringilla purus&#8230;\n\t    <\/p><\/div>\n<\/p><\/div>\n<\/div>\n<div id=\"post-4417\" class=\"post type-post hentry status-publish\">\n<div class=\"post_wrapper grid_layout\">\n<div class=\"post_img small\">\n\t\t    \t    \t<a href=\"https:\/\/dzikiekadry.pl\/?p=4417\"  class=\"\"><br \/>\n\t\t    \t    \t\t<img decoding=\"async\" src=\"https:\/\/dzikiekadry.pl\/wp-content\/uploads\/2015\/09\/ZIN2-960x636.jpg\" alt=\"Ksi\u0119\u017cniczka na wie\u017cy\" class=\"preview\"\/><br \/>\n\t\t                <\/a>\n\t\t    \t    <\/div>\n<div class=\"blog_grid_content\">\n<div class=\"post_header grid\">\n<div class=\"post_info_cat\"><a href=\"https:\/\/dzikiekadry.pl\/?cat=17\">Featured<\/a>&nbsp;\/&nbsp;<a href=\"https:\/\/dzikiekadry.pl\/?cat=19\">Photography<\/a><\/div>\n<h6><a href=\"https:\/\/dzikiekadry.pl\/?p=4417\" title=\"Ksi\u0119\u017cniczka na wie\u017cy\">Ksi\u0119\u017cniczka na wie\u017cy<\/a><\/h6>\n<hr class=\"title_break\"\/>\n<div class=\"post_detail\">2015-09-01<\/div>\n<\/p><\/div>\n<p>Lorem ipsum dosectetur adipisicing elit, sed do. Lorem ipsum dolor sit amet, consectetur Nulla fringilla purus&#8230;\n\t    <\/p><\/div>\n<\/p><\/div>\n<\/div>\n<div id=\"post-4412\" class=\"post type-post hentry status-publish\">\n<div class=\"post_wrapper grid_layout\">\n<div class=\"post_img small\">\n\t\t    \t    \t<a href=\"https:\/\/dzikiekadry.pl\/?p=4412\"  class=\"\"><br \/>\n\t\t    \t    \t\t<img decoding=\"async\" src=\"https:\/\/dzikiekadry.pl\/wp-content\/uploads\/2015\/09\/ZIN3-960x636.jpg\" alt=\"Kto utopi\u0142 si\u0119 w wannie?\" class=\"preview\"\/><br \/>\n\t\t                <\/a>\n\t\t    \t    <\/div>\n<div class=\"blog_grid_content\">\n<div class=\"post_header grid\">\n<div class=\"post_info_cat\"><a href=\"https:\/\/dzikiekadry.pl\/?cat=18\">Lifestyle<\/a>&nbsp;\/&nbsp;<a href=\"https:\/\/dzikiekadry.pl\/?cat=20\">Travel<\/a><\/div>\n<h6><a href=\"https:\/\/dzikiekadry.pl\/?p=4412\" title=\"Kto utopi\u0142 si\u0119 w wannie?\">Kto utopi\u0142 si\u0119 w wannie?<\/a><\/h6>\n<hr class=\"title_break\"\/>\n<div class=\"post_detail\">2015-09-01<\/div>\n<\/p><\/div>\n<p>Lorem ipsum dosectetur adipisicing elit, sed do. Lorem ipsum dolor sit amet, consectetur Nulla fringilla purus&#8230;\n\t    <\/p><\/div>\n<\/p><\/div>\n<\/div>\n<\/div>\n<\/div>\n<\/div>\n<\/div>\n<\/div>\n<\/div>\n<div  class=\"one withsmallpadding ppb_header \" style=\"text-align:center;padding:50px 0 50px 0;\" >\n<div class=\"standard_wrapper\">\n<div class=\"page_content_wrapper\">\n<div class=\"inner\">\n<div style=\"margin:auto;width:50%\">\n<h2 class=\"ppb_title\" style=\"\">Odkryj nasze ARTY<\/h2>\n<\/div>\n<\/div>\n<\/div>\n<\/div>\n<\/div>\n<div  class=\"one\" >\n<div id=\"17031610321465341790\" class=\"portfolio_filter_wrapper portfolio-content content gallery four_cols wide\" data-columns=\"4\">\n<div class=\"element grid  classic4_cols kenburns\">\n<div class=\"one_fourth gallery4 static filterable gallery_type animated1 hover_display archive\"><a href=\"https:\/\/dzikiekadry.pl\/?galleries=girls-go-strong\" data-title=\"\" data-desc=\"\" data-thumb=\"https:\/\/dzikiekadry.pl\/wp-content\/uploads\/2012\/08\/photo-1437623889155-075d40e2e59f-300x200.jpg\"  class=\"\"><\/p>\n<div class=\"gallery_archive_desc\">\n<div class=\"gallery_archive_desc_content\">\n<div class=\"gallery_archive_desc_inner\">\n<h4>Obcy<\/h4>\n<div class=\"post_detail\">Portrait \/ Model<\/div>\n<\/div>\n<\/div>\n<\/div>\n<ul class=\"gallery_img_slides\">\n<li><img decoding=\"async\" src=\"https:\/\/dzikiekadry.pl\/wp-content\/uploads\/2015\/06\/one-scene-705x529.jpg\" alt=\"\" class=\"static\"\/><\/li>\n<li><img decoding=\"async\" src=\"https:\/\/dzikiekadry.pl\/wp-content\/uploads\/2015\/06\/photo-1418225043143-90858d2301b4-705x529.jpg\" alt=\"\" class=\"static\"\/><\/li>\n<li><img decoding=\"async\" src=\"https:\/\/dzikiekadry.pl\/wp-content\/uploads\/2015\/07\/4575979c-705x529.jpg\" alt=\"\" class=\"static\"\/><\/li>\n<li><img decoding=\"async\" src=\"https:\/\/dzikiekadry.pl\/wp-content\/uploads\/2013\/07\/photography_4-705x529.jpg\" alt=\"\" class=\"static\"\/><\/li>\n<li><img decoding=\"async\" src=\"https:\/\/dzikiekadry.pl\/wp-content\/uploads\/2013\/07\/lake-705x529.jpg\" alt=\"\" class=\"static\"\/><\/li>\n<\/ul>\n<p><img decoding=\"async\" src=\"https:\/\/dzikiekadry.pl\/wp-content\/uploads\/2012\/08\/photo-1437623889155-075d40e2e59f-705x529.jpg\" alt=\"Obcy\" class=\"preview\"\/><\/a><\/div>\n<\/div>\n<div class=\"element grid  classic4_cols kenburns\">\n<div class=\"one_fourth gallery4 static filterable gallery_type animated2 hover_display archive\"><a href=\"https:\/\/dzikiekadry.pl\/?galleries=being-alone-is-better\" data-title=\"\" data-desc=\"\" data-thumb=\"https:\/\/dzikiekadry.pl\/wp-content\/uploads\/2022\/10\/ada_05-200x300.jpg\"  class=\"\"><\/p>\n<div class=\"gallery_archive_desc\">\n<div class=\"gallery_archive_desc_content\">\n<div class=\"gallery_archive_desc_inner\">\n<h4>Ona i wanna<\/h4>\n<div class=\"post_detail\">Portrait \/ Life<\/div>\n<\/div>\n<\/div>\n<\/div>\n<ul class=\"gallery_img_slides\">\n<li><img decoding=\"async\" src=\"https:\/\/dzikiekadry.pl\/wp-content\/uploads\/2022\/10\/ada_08-705x529.jpg\" alt=\"\" class=\"static\"\/><\/li>\n<li><img decoding=\"async\" src=\"https:\/\/dzikiekadry.pl\/wp-content\/uploads\/2022\/10\/ada_04-705x529.jpg\" alt=\"\" class=\"static\"\/><\/li>\n<li><img decoding=\"async\" src=\"https:\/\/dzikiekadry.pl\/wp-content\/uploads\/2022\/10\/ada_11-705x529.jpg\" alt=\"\" class=\"static\"\/><\/li>\n<li><img decoding=\"async\" src=\"https:\/\/dzikiekadry.pl\/wp-content\/uploads\/2022\/10\/okl-705x529.jpg\" alt=\"\" class=\"static\"\/><\/li>\n<li><img decoding=\"async\" src=\"https:\/\/dzikiekadry.pl\/wp-content\/uploads\/2022\/10\/ada_05-705x529.jpg\" alt=\"\" class=\"static\"\/><\/li>\n<\/ul>\n<p><img decoding=\"async\" src=\"https:\/\/dzikiekadry.pl\/wp-content\/uploads\/2022\/10\/ada_05-705x529.jpg\" alt=\"Ona i wanna\" class=\"preview\"\/><\/a><\/div>\n<\/div>\n<div class=\"element grid  classic4_cols kenburns\">\n<div class=\"one_fourth gallery4 static filterable gallery_type animated3 hover_display archive\"><a href=\"https:\/\/dzikiekadry.pl\/?galleries=landscape-photography\" data-title=\"\" data-desc=\"\" data-thumb=\"https:\/\/dzikiekadry.pl\/wp-content\/uploads\/2022\/10\/67-214x300.jpg\"  class=\"\"><\/p>\n<div class=\"gallery_archive_desc\">\n<div class=\"gallery_archive_desc_content\">\n<div class=\"gallery_archive_desc_inner\">\n<h4>Ca\u0142a na \u017c\u00f3\u0142to<\/h4>\n<div class=\"post_detail\">Landscape \/ Mountain<\/div>\n<\/div>\n<\/div>\n<\/div>\n<ul class=\"gallery_img_slides\">\n<li><img decoding=\"async\" src=\"https:\/\/dzikiekadry.pl\/wp-content\/uploads\/2011\/06\/350d4ecf94ade25037dbc082e9fbe0d7-705x529.jpg\" alt=\"\" class=\"static\"\/><\/li>\n<li><img decoding=\"async\" src=\"https:\/\/dzikiekadry.pl\/wp-content\/uploads\/2015\/06\/photo-1418225043143-90858d2301b4-705x529.jpg\" alt=\"\" class=\"static\"\/><\/li>\n<li><img decoding=\"async\" src=\"https:\/\/dzikiekadry.pl\/wp-content\/uploads\/2015\/07\/4575979c-705x529.jpg\" alt=\"\" class=\"static\"\/><\/li>\n<\/ul>\n<p><img decoding=\"async\" src=\"https:\/\/dzikiekadry.pl\/wp-content\/uploads\/2022\/10\/67-705x529.jpg\" alt=\"Ca\u0142a na \u017c\u00f3\u0142to\" class=\"preview\"\/><\/a><\/div>\n<\/div>\n<div class=\"element grid  classic4_cols kenburns\">\n<div class=\"one_fourth gallery4 static filterable gallery_type animated4 hover_display archive\"><a href=\"https:\/\/dzikiekadry.pl\/?galleries=self-portrait\" data-title=\"\" data-desc=\"\" data-thumb=\"https:\/\/dzikiekadry.pl\/wp-content\/uploads\/2022\/10\/03-300x200.jpg\"  class=\"\"><\/p>\n<div class=\"gallery_archive_desc\">\n<div class=\"gallery_archive_desc_content\">\n<div class=\"gallery_archive_desc_inner\">\n<h4>Ada to nie wypada<\/h4>\n<div class=\"post_detail\">Model \/ Art<\/div>\n<\/div>\n<\/div>\n<\/div>\n<ul class=\"gallery_img_slides\">\n<li><img decoding=\"async\" src=\"https:\/\/dzikiekadry.pl\/wp-content\/uploads\/2022\/10\/17-705x529.jpg\" alt=\"\" class=\"static\"\/><\/li>\n<li><img decoding=\"async\" src=\"https:\/\/dzikiekadry.pl\/wp-content\/uploads\/2022\/10\/18-705x529.jpg\" alt=\"\" class=\"static\"\/><\/li>\n<li><img decoding=\"async\" src=\"https:\/\/dzikiekadry.pl\/wp-content\/uploads\/2022\/10\/15-705x529.jpg\" alt=\"\" class=\"static\"\/><\/li>\n<li><img decoding=\"async\" src=\"https:\/\/dzikiekadry.pl\/wp-content\/uploads\/2022\/10\/16-705x529.jpg\" alt=\"\" class=\"static\"\/><\/li>\n<li><img decoding=\"async\" src=\"https:\/\/dzikiekadry.pl\/wp-content\/uploads\/2022\/10\/22-705x529.jpg\" alt=\"\" class=\"static\"\/><\/li>\n<\/ul>\n<p><img decoding=\"async\" src=\"https:\/\/dzikiekadry.pl\/wp-content\/uploads\/2022\/10\/03-705x529.jpg\" alt=\"Ada to nie wypada\" class=\"preview\"\/><\/a><\/div>\n<\/div>\n<\/div>\n<\/div>\n<div  class=\"  ppb_popup one withbg \" style=\"background-image:url(https:\/\/dzikiekadry.pl\/wp-content\/uploads\/2023\/12\/nogi.gif);background-position: center center;padding:100px 0 100px 0;\" >\n<div class=\"page_content_wrapper\">\n<div class=\"inner\">\n<div class=\"overlay_gallery_wrapper\" style=\"text-align:center;background:;\">\n<div class=\"overlay_gallery_border\" style=\"\">\n<div class=\"overlay_gallery_content\">\n<h2 class=\"ppb_title\" style=\"\">Zr\u00f3bmy razem zdj\u0119cie, jakiego nie mia\u0142 nikt<\/h2>\n<hr class=\"title_break center\" style=\"\"\/>\n<div class=\"ppb_header_content\">\n<p>Porozmawiajmy o Twoich potrzebach<\/p>\n<\/p>\n<\/div>\n<\/div>\n<\/div>\n<\/div>\n<\/div>\n<\/div>\n<\/div>\n","protected":false},"excerpt":{"rendered":"","protected":false},"author":1,"featured_media":0,"parent":0,"menu_order":0,"comment_status":"closed","ping_status":"closed","template":"","meta":{"_monsterinsights_skip_tracking":false,"_monsterinsights_sitenote_active":false,"_monsterinsights_sitenote_note":"","_monsterinsights_sitenote_category":0,"footnotes":""},"class_list":["post-5199","page","type-page","status-publish","hentry"],"aioseo_notices":[],"_links":{"self":[{"href":"https:\/\/dzikiekadry.pl\/index.php?rest_route=\/wp\/v2\/pages\/5199","targetHints":{"allow":["GET"]}}],"collection":[{"href":"https:\/\/dzikiekadry.pl\/index.php?rest_route=\/wp\/v2\/pages"}],"about":[{"href":"https:\/\/dzikiekadry.pl\/index.php?rest_route=\/wp\/v2\/types\/page"}],"author":[{"embeddable":true,"href":"https:\/\/dzikiekadry.pl\/index.php?rest_route=\/wp\/v2\/users\/1"}],"replies":[{"embeddable":true,"href":"https:\/\/dzikiekadry.pl\/index.php?rest_route=%2Fwp%2Fv2%2Fcomments&post=5199"}],"version-history":[{"count":72,"href":"https:\/\/dzikiekadry.pl\/index.php?rest_route=\/wp\/v2\/pages\/5199\/revisions"}],"predecessor-version":[{"id":6239,"href":"https:\/\/dzikiekadry.pl\/index.php?rest_route=\/wp\/v2\/pages\/5199\/revisions\/6239"}],"wp:attachment":[{"href":"https:\/\/dzikiekadry.pl\/index.php?rest_route=%2Fwp%2Fv2%2Fmedia&parent=5199"}],"curies":[{"name":"wp","href":"https:\/\/api.w.org\/{rel}","templated":true}]}}